{"id":160,"date":"2026-04-02T04:00:37","date_gmt":"2026-04-02T02:00:37","guid":{"rendered":"https:\/\/fox.withemes.com\/times\/?page_id=16"},"modified":"2026-04-03T20:22:03","modified_gmt":"2026-04-03T18:22:03","slug":"identite","status":"publish","type":"page","link":"https:\/\/www.ogmios-insights.co\/?page_id=160","title":{"rendered":"Savoir-Faire"},"content":{"rendered":"\n<div class=\"wp-block-columns is-layout-flex wp-container-core-columns-is-layout-9d6595d7 wp-block-columns-is-layout-flex\">\n<div class=\"wp-block-column is-layout-flow wp-block-column-is-layout-flow\">\n<figure class=\"wp-block-image size-full\"><img loading=\"lazy\" decoding=\"async\" width=\"2560\" height=\"1920\" src=\"https:\/\/www.ogmios-insights.co\/wp-content\/uploads\/2026\/04\/4C85D344-407D-4C41-A68C-05F881702FCB-2-scaled.jpg\" alt=\"\" class=\"wp-image-778\" srcset=\"https:\/\/www.ogmios-insights.co\/wp-content\/uploads\/2026\/04\/4C85D344-407D-4C41-A68C-05F881702FCB-2-scaled.jpg 2560w, https:\/\/www.ogmios-insights.co\/wp-content\/uploads\/2026\/04\/4C85D344-407D-4C41-A68C-05F881702FCB-2-300x225.jpg 300w, https:\/\/www.ogmios-insights.co\/wp-content\/uploads\/2026\/04\/4C85D344-407D-4C41-A68C-05F881702FCB-2-1024x768.jpg 1024w, https:\/\/www.ogmios-insights.co\/wp-content\/uploads\/2026\/04\/4C85D344-407D-4C41-A68C-05F881702FCB-2-768x576.jpg 768w, https:\/\/www.ogmios-insights.co\/wp-content\/uploads\/2026\/04\/4C85D344-407D-4C41-A68C-05F881702FCB-2-1536x1152.jpg 1536w, https:\/\/www.ogmios-insights.co\/wp-content\/uploads\/2026\/04\/4C85D344-407D-4C41-A68C-05F881702FCB-2-2048x1536.jpg 2048w, https:\/\/www.ogmios-insights.co\/wp-content\/uploads\/2026\/04\/4C85D344-407D-4C41-A68C-05F881702FCB-2-60x45.jpg 60w\" sizes=\"auto, (max-width: 2560px) 100vw, 2560px\" \/><figcaption class=\"wp-element-caption\">Medell\u00edn <\/figcaption><\/figure>\n\n\n\n<p>Bas\u00e9e \u00e0 Medell\u00edn, \u00e9picentre de l&rsquo;innovation cosm\u00e9tique en Colombie, Ogmios-Insights est une agence de conseil strat\u00e9gique d\u00e9di\u00e9e \u00e0 la transformation de la donn\u00e9e en d\u00e9cisions actionnables, focalis\u00e9 sur le secteur des cosm\u00e9tiques. Nous accompagnons les leaders fran\u00e7ais du secteur pour naviguer dans un march\u00e9 complexe et en pleine mutation.<\/p>\n\n\n\n<div class=\"wp-block-media-text is-stacked-on-mobile\" style=\"grid-template-columns:62% auto\"><figure class=\"wp-block-media-text__media\"><img loading=\"lazy\" decoding=\"async\" width=\"1024\" height=\"830\" src=\"https:\/\/www.ogmios-insights.co\/wp-content\/uploads\/2026\/04\/Capture-decran-2026-04-02-a-20.29.08-1024x830.png\" alt=\"\" class=\"wp-image-805 size-full\" srcset=\"https:\/\/www.ogmios-insights.co\/wp-content\/uploads\/2026\/04\/Capture-decran-2026-04-02-a-20.29.08-1024x830.png 1024w, https:\/\/www.ogmios-insights.co\/wp-content\/uploads\/2026\/04\/Capture-decran-2026-04-02-a-20.29.08-300x243.png 300w, https:\/\/www.ogmios-insights.co\/wp-content\/uploads\/2026\/04\/Capture-decran-2026-04-02-a-20.29.08-768x623.png 768w, https:\/\/www.ogmios-insights.co\/wp-content\/uploads\/2026\/04\/Capture-decran-2026-04-02-a-20.29.08-1536x1246.png 1536w, https:\/\/www.ogmios-insights.co\/wp-content\/uploads\/2026\/04\/Capture-decran-2026-04-02-a-20.29.08-60x49.png 60w, https:\/\/www.ogmios-insights.co\/wp-content\/uploads\/2026\/04\/Capture-decran-2026-04-02-a-20.29.08.png 1894w\" sizes=\"auto, (max-width: 1024px) 100vw, 1024px\" \/><\/figure><div class=\"wp-block-media-text__content\">\n<p><strong>Ancrage Local<\/strong> : Un ancrage strat\u00e9gique au c\u0153ur de la \u00ab\u00a0Beauty Valley\u00a0\u00bb colombienne<\/p>\n\n\n\n<p><strong>Ogmios Insights n&rsquo;observe pas le march\u00e9 de loin : nous l&rsquo;habitons.<\/strong> Bas\u00e9s strat\u00e9giquement \u00e0 proximit\u00e9 imm\u00e9diate de la <strong>Zone Franche de Rionegro<\/strong>, nous sommes aux premi\u00e8res loges pour analyser les flux d&rsquo;importation et la logistique qui alimentent l&rsquo;industrie. Notre immersion est totale, entre l&rsquo;effervescence des laboratoires de pointe comme <strong>IH (Industria de Cosm\u00e9ticos)<\/strong> et le dynamisme du commerce de d\u00e9tail dans les centres commerciaux de prestige de Medellin : <strong>Santaf\u00e9<\/strong> et <strong>El Tesoro<\/strong>.<\/p>\n\n\n\n<p>Cette proximit\u00e9 unique nous permet de capter les tendances l\u00e0 o\u00f9 elles naissent, des centres de production jusqu&rsquo;aux mains du consommateur final. Chaque ann\u00e9e, notre pr\u00e9sence active au salon <strong>Expobelleza<\/strong> \u2014 le rendez-vous incontournable du secteur \u2014 scelle notre engagement aupr\u00e8s des acteurs locaux et internationaux.<\/p>\n<\/div><\/div>\n\n\n\n<p><strong>Agilit\u00e9 Strat\u00e9gique :<\/strong> Nous ne livrons pas que des chiffres ; nous livrons une interpr\u00e9tation business pour optimiser votre ROI pour ceux qui op\u00e8rent d\u00e9j\u00e0 sur le march\u00e9. <\/p>\n\n\n\n<p>En Colombie, le march\u00e9 de la beaut\u00e9 ne dort jamais. Entre la biodiversit\u00e9 de l&rsquo;Amazonie et l&rsquo;effervescence urbaine de Medell\u00edn, les tendances naissent plus vite que les rapports traditionnels ne peuvent les saisir. Ogmios-Insights est n\u00e9 d&rsquo;une conviction : la donn\u00e9e n&rsquo;a de valeur que si elle est connect\u00e9e \u00e0 la r\u00e9alit\u00e9 du terrain.<\/p>\n\n\n\n<p>Ogmios Insights agit comme votre bureau d&rsquo;intelligence locale \u00e0 Medell\u00edn pour s\u00e9curiser vos investissements \u00e0 travers trois outils d\u00e9cisionnels :<\/p>\n\n\n\n<ol class=\"wp-block-list\">\n<li><strong>Le Rapport Mensuel OGMIOS M-COSME<\/strong> : Votre Thermom\u00e8tre de Terrain. Pour qui ? Les Directions Export et les Brand Managers bas\u00e9s en France.<\/li>\n<\/ol>\n\n\n\n<p>Le Rapport Mensuel donne \u00ab\u00a0L&rsquo;Indicateur d&rsquo;Intention et de D\u00e9sir\u00a0\u00bb<br>Contrairement au trimestriel qui regarde les r\u00e9sultats, le mensuel regarde ce qui est en train de se passer en amont de l&rsquo;acte d&rsquo;achat.<\/p>\n\n\n\n<p>Le D\u00e9sir Digital : C&rsquo;est le \u00ab\u00a0Search\u00a0\u00bb et l&rsquo;engagement social. Qu&rsquo;est-ce que les Colombiennes et Colombiens cherchent aujourd&rsquo;hui ? Si le d\u00e9sir pour un produit sp\u00e9cifique explose ce mois-ci, la vente r\u00e9elle suivra.<\/p>\n\n\n\n<p>Les Flux d&rsquo;Entr\u00e9es : C&rsquo;est l&rsquo;analyse du trafic avec les manifestes de cargaison enregistr\u00e9s d\u00e8s que le navire ou l&rsquo;avion arrive. On voit ce qui entre sur le territoire colombien en temps r\u00e9el, avant m\u00eame que ce ne soit disponible sur le march\u00e9.<\/p>\n\n\n\n<p>La Demande (Pull) : On ne parle pas ici de ce qui a \u00e9t\u00e9 vendu (Push), mais de ce que le march\u00e9 r\u00e9clame. C&rsquo;est l&rsquo;analyse des besoins non satisfaits en temps r\u00e9el.<\/p>\n\n\n\n<p>2. <strong>Le Rapport Trimestriel OGMIOS T-COSME<\/strong> : Votre Boussole Strat\u00e9gique. Pour qui ? Les Directions G\u00e9n\u00e9rales et Responsables de D\u00e9veloppement International.<\/p>\n\n\n\n<p>L&rsquo;utilit\u00e9 : si le mensuel est le \u00ab\u00a0flux\u00a0\u00bb (l&rsquo;\u00e9nergie qui entre), le rapport Trimestriel est la \u00ab\u00a0structure\u00a0\u00bb : c&rsquo;est l&rsquo;analyse de ce qui a \u00e9t\u00e9 r\u00e9ellement b\u00e2ti sur le march\u00e9 colombien.<\/p>\n\n\n\n<p>Indicateur de Marge Export \/ EMC (\u00e9quivalent des ventes r\u00e9elles) \/ Matrice de p\u00e9n\u00e9tration \/ Radar des segments et Guidance Pr\u00e9visionnelle. <\/p>\n\n\n\n<p>La GP Guidance Pr\u00e9visionnelle aide \u00e0 anticiper ce qui va a arriver selon une logique de trajectoires pour les 3 \u00e0 6 mois. <\/p>\n\n\n\n<p>Et pour ceux n&rsquo;ont pas encore saut\u00e9 le pas. Validez votre potentiel en Colombie avant votre premier conteneur.<\/p>\n\n\n\n<p>3. <strong>Le rapport OGMIOS MARKET ENTRY <\/strong><\/p>\n\n\n\n<p>Le Concept : \u00ab\u00a0L&rsquo;\u00c9claireur Strat\u00e9gique\u00a0\u00bb<br>Pour les entreprises fran\u00e7aises en phase de prospection, Ogmios-Insights propose un pack de pr\u00e9-implantation bas\u00e9 sur nos deux piliers :<\/p>\n\n\n\n<p>L&rsquo;\u00c9tude d&rsquo;Opportunit\u00e9<\/p>\n\n\n\n<p>Ce que c&rsquo;est : Une analyse comparative de votre catalogue face aux leaders locaux et internationaux d\u00e9j\u00e0 install\u00e9s.<\/p>\n\n\n\n<p>Le b\u00e9n\u00e9fice : Savoir si vos formulations ont une chance de d\u00e9tr\u00f4ner ou de compl\u00e9ter les tendances locales + une veille sur les prix pratiqu\u00e9s et les circuits de distribution (Retail premium vs Pharmacies).<\/p>\n\n\n\n<p>Le b\u00e9n\u00e9fice : D\u00e9finir votre positionnement prix \u00ab\u00a0France\u00a0\u00bb tout en restant comp\u00e9titif \u00e0 Medell\u00edn et Bogot\u00e1.<\/p>\n\n\n\n<p>Le livrable : Une cartographie des distributeurs cibles d\u00e9j\u00e0 segment\u00e9s par performance r\u00e9elle.<\/p>\n\n\n\n<p>R\u00e9duction du Risque : \u00ab\u00a0Le co\u00fbt de notre intelligence de march\u00e9 est d\u00e9risoire compar\u00e9 \u00e0 l&rsquo;\u00e9chec d&rsquo;un lancement mal positionn\u00e9.\u00a0\u00bb<\/p>\n\n\n\n<p>Gain de Temps : \u00ab\u00a0Nous connaissons d\u00e9j\u00e0 les acteurs, les consommateurs, les tendances, les centres de R&amp;D de Medell\u00edn et les attentes de l&rsquo;INVIMA (r\u00e9glementation). Nous vous faisons gagner 6 mois de prospection.\u00a0\u00bb<\/p>\n\n\n\n<p>L&rsquo;Avantage Medell\u00edn : \u00ab\u00a0En travaillant avec nous, vous avez un pied-\u00e0-terre dans la capitale de l&rsquo;innovation cosm\u00e9tique d&rsquo;Am\u00e9rique Latine. Nous sommes vos yeux et vos oreilles sur place.\u00a0\u00bb<\/p>\n<\/div>\n<\/div>\n","protected":false},"excerpt":{"rendered":"<p>Bas\u00e9e \u00e0 Medell\u00edn, \u00e9picentre de l&rsquo;innovation cosm\u00e9tique en Colombie, Ogmios-Insights est une agence de conseil strat\u00e9gique d\u00e9di\u00e9e \u00e0 la transformation de la donn\u00e9e en d\u00e9cisions actionnables, focalis\u00e9 sur le secteur des cosm\u00e9tiques. Nous accompagnons les leaders fran\u00e7ais du secteur pour naviguer dans un march\u00e9 complexe et en pleine mutation. Ancrage Local : Un ancrage strat\u00e9gique au c\u0153ur de la \u00ab\u00a0Beauty Valley\u00a0\u00bb colombienne Ogmios Insights n&rsquo;observe pas le march\u00e9 de loin : nous l&rsquo;habitons. Bas\u00e9s strat\u00e9giquement \u00e0 proximit\u00e9 imm\u00e9diate de la Zone Franche de Rionegro, nous sommes aux premi\u00e8res loges pour analyser les flux d&rsquo;importation et la logistique qui alimentent l&rsquo;industrie.<\/p>\n","protected":false},"author":1,"featured_media":0,"parent":0,"menu_order":0,"comment_status":"closed","ping_status":"closed","template":"","meta":{"footnotes":""},"class_list":["post-160","page","type-page","status-publish","hentry"],"_links":{"self":[{"href":"https:\/\/www.ogmios-insights.co\/index.php?rest_route=\/wp\/v2\/pages\/160","targetHints":{"allow":["GET"]}}],"collection":[{"href":"https:\/\/www.ogmios-insights.co\/index.php?rest_route=\/wp\/v2\/pages"}],"about":[{"href":"https:\/\/www.ogmios-insights.co\/index.php?rest_route=\/wp\/v2\/types\/page"}],"author":[{"embeddable":true,"href":"https:\/\/www.ogmios-insights.co\/index.php?rest_route=\/wp\/v2\/users\/1"}],"replies":[{"embeddable":true,"href":"https:\/\/www.ogmios-insights.co\/index.php?rest_route=%2Fwp%2Fv2%2Fcomments&post=160"}],"version-history":[{"count":22,"href":"https:\/\/www.ogmios-insights.co\/index.php?rest_route=\/wp\/v2\/pages\/160\/revisions"}],"predecessor-version":[{"id":902,"href":"https:\/\/www.ogmios-insights.co\/index.php?rest_route=\/wp\/v2\/pages\/160\/revisions\/902"}],"wp:attachment":[{"href":"https:\/\/www.ogmios-insights.co\/index.php?rest_route=%2Fwp%2Fv2%2Fmedia&parent=160"}],"curies":[{"name":"wp","href":"https:\/\/api.w.org\/{rel}","templated":true}]}}